{"id":1614,"date":"2020-09-02T10:47:30","date_gmt":"2020-09-02T08:47:30","guid":{"rendered":"http:\/\/www.kita-bockenheim.de\/?page_id=1614"},"modified":"2023-12-11T17:55:26","modified_gmt":"2023-12-11T16:55:26","slug":"medienprojekt-der-grossen","status":"publish","type":"page","link":"https:\/\/www.kita-bockenheim.de\/?page_id=1614","title":{"rendered":"Medienprojekt der Gro\u00dfen"},"content":{"rendered":"\n<p><\/p>\n\n\n\n<p>Im M\u00e4rz 2020 startete das Medienprojekt mit den Gro\u00dfen. \u201eWas sind \u00fcberhaupt Medien?\u201c wurden die Kinder gefragt und es ging einmal durch die Kita um verschiedene Medien zusammenzusuchen. Schnell wurde deutlich, dass die Kinder bereits eine Verbindung zu Medien entwickelt haben. Im zweiten Schritt ging es um das Medium &#8222;Film&#8220; und die Idee einen eigenen Film zu produzieren. Unter der Leitung von Peter Fischer vom Gemeindep\u00e4dagogischen Dienst, Birgit Sch\u00f6fer und Rebecca Bauer planten, entwickelten und erschafften die Gro\u00dfen der Kita Bockenheim nun einen eigenen Film. Die Kinder waren mit viel Begeisterung dabei und diese Begeisterung war auch bei der Pr\u00e4sentation im Juli wieder sp\u00fcrbar. Das Ergebnis kann sich wirklich sehen lassen. Schauen Sie selbst:<\/p>\n\n\n\n<figure class=\"wp-block-gallery columns-3 is-cropped wp-block-gallery-1 is-layout-flex wp-block-gallery-is-layout-flex\"><ul class=\"blocks-gallery-grid\"><li class=\"blocks-gallery-item\"><figure><img loading=\"lazy\" decoding=\"async\" width=\"1024\" height=\"683\" src=\"http:\/\/www.kita-bockenheim.de\/wp-content\/uploads\/2020\/09\/1-1024x683.jpg\" alt=\"\" data-id=\"1615\" data-link=\"http:\/\/www.kita-bockenheim.de\/?attachment_id=1615\" class=\"wp-image-1615\" srcset=\"https:\/\/www.kita-bockenheim.de\/wp-content\/uploads\/2020\/09\/1-1024x683.jpg 1024w, https:\/\/www.kita-bockenheim.de\/wp-content\/uploads\/2020\/09\/1-300x200.jpg 300w, https:\/\/www.kita-bockenheim.de\/wp-content\/uploads\/2020\/09\/1-768x512.jpg 768w, https:\/\/www.kita-bockenheim.de\/wp-content\/uploads\/2020\/09\/1-1536x1024.jpg 1536w, https:\/\/www.kita-bockenheim.de\/wp-content\/uploads\/2020\/09\/1-2048x1365.jpg 2048w\" sizes=\"(max-width: 1024px) 100vw, 1024px\" \/><\/figure><\/li><li class=\"blocks-gallery-item\"><figure><img loading=\"lazy\" decoding=\"async\" width=\"1024\" height=\"683\" src=\"http:\/\/www.kita-bockenheim.de\/wp-content\/uploads\/2020\/09\/2-1024x683.jpg\" alt=\"\" data-id=\"1616\" data-link=\"http:\/\/www.kita-bockenheim.de\/?attachment_id=1616\" class=\"wp-image-1616\" srcset=\"https:\/\/www.kita-bockenheim.de\/wp-content\/uploads\/2020\/09\/2-1024x683.jpg 1024w, https:\/\/www.kita-bockenheim.de\/wp-content\/uploads\/2020\/09\/2-300x200.jpg 300w, https:\/\/www.kita-bockenheim.de\/wp-content\/uploads\/2020\/09\/2-768x512.jpg 768w, https:\/\/www.kita-bockenheim.de\/wp-content\/uploads\/2020\/09\/2-1536x1024.jpg 1536w, https:\/\/www.kita-bockenheim.de\/wp-content\/uploads\/2020\/09\/2-2048x1365.jpg 2048w\" sizes=\"(max-width: 1024px) 100vw, 1024px\" \/><\/figure><\/li><li class=\"blocks-gallery-item\"><figure><img loading=\"lazy\" decoding=\"async\" width=\"1024\" height=\"683\" src=\"http:\/\/www.kita-bockenheim.de\/wp-content\/uploads\/2020\/09\/3-1024x683.jpg\" alt=\"\" data-id=\"1617\" data-full-url=\"http:\/\/www.kita-bockenheim.de\/wp-content\/uploads\/2020\/09\/3-scaled.jpg\" data-link=\"http:\/\/www.kita-bockenheim.de\/?attachment_id=1617\" class=\"wp-image-1617\" srcset=\"https:\/\/www.kita-bockenheim.de\/wp-content\/uploads\/2020\/09\/3-1024x683.jpg 1024w, https:\/\/www.kita-bockenheim.de\/wp-content\/uploads\/2020\/09\/3-300x200.jpg 300w, https:\/\/www.kita-bockenheim.de\/wp-content\/uploads\/2020\/09\/3-768x512.jpg 768w, https:\/\/www.kita-bockenheim.de\/wp-content\/uploads\/2020\/09\/3-1536x1024.jpg 1536w, https:\/\/www.kita-bockenheim.de\/wp-content\/uploads\/2020\/09\/3-2048x1365.jpg 2048w\" sizes=\"(max-width: 1024px) 100vw, 1024px\" \/><\/figure><\/li><\/ul><\/figure>\n\n\n\n<figure class=\"wp-block-video\"><video controls src=\"http:\/\/www.kita-bockenheim.de\/wp-content\/uploads\/2020\/09\/Im-Wald.mp4\"><\/video><figcaption>&#8222;Im Wald&#8220; &#8211; Ein Film der Gro\u00dfen 2019\/2020 der Kita Bockenheim<\/figcaption><\/figure>\n","protected":false},"excerpt":{"rendered":"<p>Im M\u00e4rz 2020 startete das Medienprojekt mit den Gro\u00dfen. \u201eWas sind \u00fcberhaupt Medien?\u201c wurden die Kinder gefragt und es ging einmal durch die Kita um verschiedene Medien zusammenzusuchen. Schnell wurde deutlich, dass die Kinder bereits eine Verbindung zu Medien entwickelt haben. Im zweiten Schritt ging es um das Medium &#8222;Film&#8220; und die Idee einen eigenen Film zu produzieren. Unter der Leitung von Peter Fischer vom&hellip; <\/p>\n","protected":false},"author":1,"featured_media":0,"parent":2663,"menu_order":0,"comment_status":"closed","ping_status":"closed","template":"","meta":{"footnotes":""},"_links":{"self":[{"href":"https:\/\/www.kita-bockenheim.de\/index.php?rest_route=\/wp\/v2\/pages\/1614"}],"collection":[{"href":"https:\/\/www.kita-bockenheim.de\/index.php?rest_route=\/wp\/v2\/pages"}],"about":[{"href":"https:\/\/www.kita-bockenheim.de\/index.php?rest_route=\/wp\/v2\/types\/page"}],"author":[{"embeddable":true,"href":"https:\/\/www.kita-bockenheim.de\/index.php?rest_route=\/wp\/v2\/users\/1"}],"replies":[{"embeddable":true,"href":"https:\/\/www.kita-bockenheim.de\/index.php?rest_route=%2Fwp%2Fv2%2Fcomments&post=1614"}],"version-history":[{"count":5,"href":"https:\/\/www.kita-bockenheim.de\/index.php?rest_route=\/wp\/v2\/pages\/1614\/revisions"}],"predecessor-version":[{"id":1624,"href":"https:\/\/www.kita-bockenheim.de\/index.php?rest_route=\/wp\/v2\/pages\/1614\/revisions\/1624"}],"up":[{"embeddable":true,"href":"https:\/\/www.kita-bockenheim.de\/index.php?rest_route=\/wp\/v2\/pages\/2663"}],"wp:attachment":[{"href":"https:\/\/www.kita-bockenheim.de\/index.php?rest_route=%2Fwp%2Fv2%2Fmedia&parent=1614"}],"curies":[{"name":"wp","href":"https:\/\/api.w.org\/{rel}","templated":true}]}}