{"id":1579,"date":"2020-08-17T09:10:00","date_gmt":"2020-08-17T07:10:00","guid":{"rendered":"http:\/\/www.kita-bockenheim.de\/?page_id=1579"},"modified":"2023-12-11T17:55:35","modified_gmt":"2023-12-11T16:55:35","slug":"farben-die-uns-die-natur-geschenkt-hat","status":"publish","type":"page","link":"https:\/\/www.kita-bockenheim.de\/?page_id=1579","title":{"rendered":"Farben, die uns die Natur geschenkt hat!"},"content":{"rendered":"\n<div class=\"wp-block-image\"><figure class=\"aligncenter is-resized\"><img loading=\"lazy\" decoding=\"async\" src=\"http:\/\/www.kita-bockenheim.de\/wp-content\/uploads\/2020\/08\/IMG_4026-683x1024.jpg\" alt=\"\" class=\"wp-image-1584\" width=\"196\" height=\"292\"\/><\/figure><\/div>\n\n\n\n<p class=\"has-medium-font-size\">Unter diesem Motto lautete das letzte Projekt der Gro\u00dfen, welches im Juli durchgef\u00fchrt wurde. T\u00e4glich kamen die \u201eVorschulkinder\u201c zusammen, um sich mit den Farben der Natur kreativ auseinander zu setzen.<\/p>\n\n\n\n<p class=\"has-medium-font-size\">Das Spektrum reichte von der Herstellung eigener Erdfarben bis hin zum Schreiben mit Blau-und Himbeertinte und Feder.<br>Ziel war es, die Vielfalt der Farben die aus der Natur gewonnen werden k\u00f6nnen aufzuzeigen, Erfahrungen im elementaren Arbeiten zu erm\u00f6glichen und das kreative Tun auf unterschiedlichen \u201eMaluntergr\u00fcnden\u201c zu erfahren.<\/p>\n\n\n\n<div class=\"wp-block-group is-layout-flow wp-block-group-is-layout-flow\"><div class=\"wp-block-group__inner-container\"><\/div><\/div>\n\n\n\n<div class=\"wp-block-group\"><div class=\"wp-block-group__inner-container is-layout-flow wp-block-group-is-layout-flow\">\n<div class=\"wp-block-group\"><div class=\"wp-block-group__inner-container is-layout-flow wp-block-group-is-layout-flow\">\n<div class=\"wp-block-group is-layout-flow wp-block-group-is-layout-flow\"><div class=\"wp-block-group__inner-container\"><\/div><\/div>\n<\/div><\/div>\n<\/div><\/div>\n\n\n\n<p class=\"has-medium-font-size\">Die daraus entstandenen Ergebnisse waren sehenswert und die Kinder stolz auf ihre geschaffenen Werke.<br>\u00a0Ein kleiner Eindruck dieses Projektes wird es in Form einer kleinen Ausstellung im Obergeschoss geben.<\/p>\n\n\n\n<p class=\"has-medium-font-size\"><img loading=\"lazy\" decoding=\"async\" width=\"234\" height=\"156\" src=\"\"><img loading=\"lazy\" decoding=\"async\" width=\"284\" height=\"189\" src=\"\"><strong>Kristina Heckmann<br><\/strong>(angehende Atelier- und Werkstattp\u00e4dagogin)<\/p>\n\n\n\n<p><\/p>\n\n\n\n<p><\/p>\n\n\n\n<figure class=\"wp-block-gallery columns-3 is-cropped wp-block-gallery-1 is-layout-flex wp-block-gallery-is-layout-flex\"><ul class=\"blocks-gallery-grid\"><li class=\"blocks-gallery-item\"><figure><img loading=\"lazy\" decoding=\"async\" width=\"1024\" height=\"683\" src=\"http:\/\/www.kita-bockenheim.de\/wp-content\/uploads\/2020\/08\/DSCF6343-1-1024x683.jpg\" alt=\"\" data-id=\"1585\" data-link=\"http:\/\/www.kita-bockenheim.de\/?attachment_id=1585\" class=\"wp-image-1585\" srcset=\"https:\/\/www.kita-bockenheim.de\/wp-content\/uploads\/2020\/08\/DSCF6343-1-1024x683.jpg 1024w, https:\/\/www.kita-bockenheim.de\/wp-content\/uploads\/2020\/08\/DSCF6343-1-300x200.jpg 300w, https:\/\/www.kita-bockenheim.de\/wp-content\/uploads\/2020\/08\/DSCF6343-1-768x512.jpg 768w, https:\/\/www.kita-bockenheim.de\/wp-content\/uploads\/2020\/08\/DSCF6343-1-1536x1024.jpg 1536w, https:\/\/www.kita-bockenheim.de\/wp-content\/uploads\/2020\/08\/DSCF6343-1-2048x1365.jpg 2048w\" sizes=\"(max-width: 1024px) 100vw, 1024px\" \/><\/figure><\/li><li class=\"blocks-gallery-item\"><figure><img loading=\"lazy\" decoding=\"async\" width=\"1024\" height=\"683\" src=\"http:\/\/www.kita-bockenheim.de\/wp-content\/uploads\/2020\/08\/IMG_3539-1-1024x683.jpg\" alt=\"\" data-id=\"1586\" data-link=\"http:\/\/www.kita-bockenheim.de\/?attachment_id=1586\" class=\"wp-image-1586\" srcset=\"https:\/\/www.kita-bockenheim.de\/wp-content\/uploads\/2020\/08\/IMG_3539-1-1024x683.jpg 1024w, https:\/\/www.kita-bockenheim.de\/wp-content\/uploads\/2020\/08\/IMG_3539-1-300x200.jpg 300w, https:\/\/www.kita-bockenheim.de\/wp-content\/uploads\/2020\/08\/IMG_3539-1-768x512.jpg 768w, https:\/\/www.kita-bockenheim.de\/wp-content\/uploads\/2020\/08\/IMG_3539-1-1536x1024.jpg 1536w, https:\/\/www.kita-bockenheim.de\/wp-content\/uploads\/2020\/08\/IMG_3539-1-2048x1365.jpg 2048w\" sizes=\"(max-width: 1024px) 100vw, 1024px\" \/><\/figure><\/li><li class=\"blocks-gallery-item\"><figure><img loading=\"lazy\" decoding=\"async\" width=\"1024\" height=\"683\" src=\"http:\/\/www.kita-bockenheim.de\/wp-content\/uploads\/2020\/08\/IMG_3985-1024x683.jpg\" alt=\"\" data-id=\"1588\" data-link=\"http:\/\/www.kita-bockenheim.de\/?attachment_id=1588\" class=\"wp-image-1588\" srcset=\"https:\/\/www.kita-bockenheim.de\/wp-content\/uploads\/2020\/08\/IMG_3985-1024x683.jpg 1024w, https:\/\/www.kita-bockenheim.de\/wp-content\/uploads\/2020\/08\/IMG_3985-300x200.jpg 300w, https:\/\/www.kita-bockenheim.de\/wp-content\/uploads\/2020\/08\/IMG_3985-768x512.jpg 768w, https:\/\/www.kita-bockenheim.de\/wp-content\/uploads\/2020\/08\/IMG_3985-1536x1024.jpg 1536w, https:\/\/www.kita-bockenheim.de\/wp-content\/uploads\/2020\/08\/IMG_3985-2048x1365.jpg 2048w\" sizes=\"(max-width: 1024px) 100vw, 1024px\" \/><\/figure><\/li><li class=\"blocks-gallery-item\"><figure><img loading=\"lazy\" decoding=\"async\" width=\"1024\" height=\"683\" src=\"http:\/\/www.kita-bockenheim.de\/wp-content\/uploads\/2020\/08\/IMG_3873-1024x683.jpg\" alt=\"\" data-id=\"1587\" data-link=\"http:\/\/www.kita-bockenheim.de\/?attachment_id=1587\" class=\"wp-image-1587\" srcset=\"https:\/\/www.kita-bockenheim.de\/wp-content\/uploads\/2020\/08\/IMG_3873-1024x683.jpg 1024w, https:\/\/www.kita-bockenheim.de\/wp-content\/uploads\/2020\/08\/IMG_3873-300x200.jpg 300w, https:\/\/www.kita-bockenheim.de\/wp-content\/uploads\/2020\/08\/IMG_3873-768x512.jpg 768w, https:\/\/www.kita-bockenheim.de\/wp-content\/uploads\/2020\/08\/IMG_3873-1536x1024.jpg 1536w, https:\/\/www.kita-bockenheim.de\/wp-content\/uploads\/2020\/08\/IMG_3873-2048x1365.jpg 2048w\" sizes=\"(max-width: 1024px) 100vw, 1024px\" \/><\/figure><\/li><li class=\"blocks-gallery-item\"><figure><img loading=\"lazy\" decoding=\"async\" width=\"1024\" height=\"683\" src=\"http:\/\/www.kita-bockenheim.de\/wp-content\/uploads\/2020\/08\/IMG_4252-2-1024x683.jpg\" alt=\"\" data-id=\"1589\" data-full-url=\"http:\/\/www.kita-bockenheim.de\/wp-content\/uploads\/2020\/08\/IMG_4252-2-scaled.jpg\" data-link=\"http:\/\/www.kita-bockenheim.de\/?attachment_id=1589\" class=\"wp-image-1589\" srcset=\"https:\/\/www.kita-bockenheim.de\/wp-content\/uploads\/2020\/08\/IMG_4252-2-1024x683.jpg 1024w, https:\/\/www.kita-bockenheim.de\/wp-content\/uploads\/2020\/08\/IMG_4252-2-300x200.jpg 300w, https:\/\/www.kita-bockenheim.de\/wp-content\/uploads\/2020\/08\/IMG_4252-2-768x512.jpg 768w, https:\/\/www.kita-bockenheim.de\/wp-content\/uploads\/2020\/08\/IMG_4252-2-1536x1024.jpg 1536w, https:\/\/www.kita-bockenheim.de\/wp-content\/uploads\/2020\/08\/IMG_4252-2-2048x1365.jpg 2048w\" sizes=\"(max-width: 1024px) 100vw, 1024px\" \/><\/figure><\/li><\/ul><\/figure>\n\n\n\n<div class=\"wp-block-group\"><div class=\"wp-block-group__inner-container is-layout-flow wp-block-group-is-layout-flow\">\n<div class=\"wp-block-group\"><div class=\"wp-block-group__inner-container is-layout-flow wp-block-group-is-layout-flow\">\n<div class=\"wp-block-group is-layout-flow wp-block-group-is-layout-flow\"><div class=\"wp-block-group__inner-container\"><\/div><\/div>\n<\/div><\/div>\n<\/div><\/div>\n\n\n\n<div class=\"wp-block-group\"><div class=\"wp-block-group__inner-container is-layout-flow wp-block-group-is-layout-flow\">\n<div class=\"wp-block-group is-layout-flow wp-block-group-is-layout-flow\"><div class=\"wp-block-group__inner-container\"><\/div><\/div>\n<\/div><\/div>\n\n\n\n<div class=\"wp-block-group is-layout-flow wp-block-group-is-layout-flow\"><div class=\"wp-block-group__inner-container\"><\/div><\/div>\n","protected":false},"excerpt":{"rendered":"<p>Unter diesem Motto lautete das letzte Projekt der Gro\u00dfen, welches im Juli durchgef\u00fchrt wurde. T\u00e4glich kamen die \u201eVorschulkinder\u201c zusammen, um sich mit den Farben der Natur kreativ auseinander zu setzen. Das Spektrum reichte von der Herstellung eigener Erdfarben bis hin zum Schreiben mit Blau-und Himbeertinte und Feder.Ziel war es, die Vielfalt der Farben die aus der Natur gewonnen werden k\u00f6nnen aufzuzeigen, Erfahrungen im elementaren Arbeiten&hellip; <\/p>\n","protected":false},"author":1,"featured_media":0,"parent":2663,"menu_order":0,"comment_status":"closed","ping_status":"closed","template":"","meta":{"footnotes":""},"_links":{"self":[{"href":"https:\/\/www.kita-bockenheim.de\/index.php?rest_route=\/wp\/v2\/pages\/1579"}],"collection":[{"href":"https:\/\/www.kita-bockenheim.de\/index.php?rest_route=\/wp\/v2\/pages"}],"about":[{"href":"https:\/\/www.kita-bockenheim.de\/index.php?rest_route=\/wp\/v2\/types\/page"}],"author":[{"embeddable":true,"href":"https:\/\/www.kita-bockenheim.de\/index.php?rest_route=\/wp\/v2\/users\/1"}],"replies":[{"embeddable":true,"href":"https:\/\/www.kita-bockenheim.de\/index.php?rest_route=%2Fwp%2Fv2%2Fcomments&post=1579"}],"version-history":[{"count":7,"href":"https:\/\/www.kita-bockenheim.de\/index.php?rest_route=\/wp\/v2\/pages\/1579\/revisions"}],"predecessor-version":[{"id":1596,"href":"https:\/\/www.kita-bockenheim.de\/index.php?rest_route=\/wp\/v2\/pages\/1579\/revisions\/1596"}],"up":[{"embeddable":true,"href":"https:\/\/www.kita-bockenheim.de\/index.php?rest_route=\/wp\/v2\/pages\/2663"}],"wp:attachment":[{"href":"https:\/\/www.kita-bockenheim.de\/index.php?rest_route=%2Fwp%2Fv2%2Fmedia&parent=1579"}],"curies":[{"name":"wp","href":"https:\/\/api.w.org\/{rel}","templated":true}]}}